t is the units digit of 48292348?
8
What is the ten millions digit of 2126498105?
2
What is the ten thousands digit of 2462019901?
1
What is the tens digit of 303246708?
0
What is the hundred millions digit of 725246499?
7
What is the millions digit of 104656630?
4
What is the ten millions digit of 89138555?
8
What is the hundreds digit of 3233731529?
5
What is the units digit of 89517401?
1
What is the hundred thousands digit of 60482401?
4
What is the tens digit of 678401840?
4
What is the millions digit of 2574509169?
4
What is the units digit of 764477067?
7
What is the ten thousands digit of 5129339717?
3
What is the ten millions digit of 14966986?
1
What is the ten millions digit of 337940602?
3
What is the ten thousands digit of 13928643?
2
What is the thousands digit of 2963221369?
1
What is the units digit of 77997931?
1
What is the ten thousands digit of 66265134?
6
What is the hundreds digit of 915807385?
3
What is the thousands digit of 21208176?
8
What is the ten thousands digit of 248840026?
4
What is the ten millions digit of 399329107?
9
What is the ten millions digit of 1389248337?
8
What is the thousands digit of 437849573?
9
What is the units digit of 3963691088?
8
What is the hundreds digit of 359712021?
0
What is the units digit of 81183546?
6
What is the hundred millions digit of 1351354660?
3
What is the thousands digit of 3572749963?
9
What is the thousands digit of 86917710?
7
What is the hundred thousands digit of 455620832?
6
What is the ten millions digit of 5200325384?
0
What is the hundreds digit of 4197529817?
8
What is the hundreds digit of 33263997?
9
What is the units digit of 20320012?
2
What is the ten thousands digit of 177463702?
6
What is the ten thousands digit of 66413362?
1
What is the hundreds digit of 72416047?
0
What is the hundred thousands digit of 71417097?
4
What is the units digit of 48745802?
2
What is the units digit of 1459830711?
1
What is the ten millions digit of 430547417?
3
What is the thousands digit of 735664437?
4
What is the ten thousands digit of 352209964?
0
What is the hundred thousands digit of 62259720?
2
What is the hundred millions digit of 745743082?
7
What is the ten thousands digit of 46520735?
2
What is the thousands digit of 3841747660?
7
What is the hundreds digit of 533544289?
2
What is the billions digit of 1908315460?
1
What is the hundreds digit of 5911008063?
0
What is the ten millions digit of 384901989?
8
What is the hundred millions digit of 557905973?
5
What is the hundred thousands digit of 2075984312?
9
What is the ten millions digit of 4191703258?
9
What is the hundred millions digit of 2260681385?
2
What is the units digit of 7563720?
0
What is the hundred thousands digit of 46259320?
2
What is the ten thousands digit of 2557586687?
8
What is the millions digit of 2766521204?
6
What is the hundred thousands digit of 21716369?
7
What is the tens digit of 40211705?
0
What is the hundreds digit of 418172421?
4
What is the ten thousands digit of 54006250?
0
What is the tens digit of 13582352?
5
What is the ten millions digit of 4521875438?
2
What is the ten millions digit of 21156552?
2
What is the hundred millions digit of 2809255233?
8
What is the hundred millions digit of 430624753?
4
What is the thousands digit of 41341232?
1
What is the millions digit of 161265205?
1
What is the ten millions digit of 732353756?
3
What is the ten millions digit of 431286047?
3
What is the billions digit of 1914655208?
1
What is the hundred millions digit of 125041327?
1
What is the thousands digit of 2358587607?
7
What is the hundreds digit of 348938665?
6
What is the millions digit of 796816031?
6
What is the hundred millions digit of 2602140072?
6
What is the hundreds digit of 19651356?
3
What is the millions digit of 188363787?
8
What is the hundred thousands digit of 535096629?
0
What is the ten millions digit of 71307213?
7
What is the millions digit of 1008302858?
8
What is the hundreds digit of 297940826?
8
What is the billions digit of 2153576199?
2
What is the hundred thousands digit of 228452861?
4
What is the millions digit of 22109518?
2
What is the ten millions digit of 232481915?
3
What is the thousands digit of 51607389?
7
What is the thousands digit of 6373799565?
9
What is the ten thousands digit of 531512280?
1
What is the hundreds digit of 126194606?
6
What is the hundreds digit of 68217394?
3
What is the ten thousands digit of 52710215?
1
What is the tens digit of 91489670?
7
What is the hundreds digit of 922799031?
0
What is the units digit of 3786082415?
5
What is the units digit of 6263206673?
3
What is the thousands digit of 1289473742?
3
What is the units digit of 1952006751?
1
What is the tens digit of 336212036?
3
What is the thousands digit of 37221104?
1
What is the hundreds digit of 33899193?
1
What is the thousands digit of 447201199?
1
What is the ten thousands digit of 13677916?
7
What is the thousands digit of 302689065?
9
What is the hundred millions digit of 690682450?
6
What is the ten thousands digit of 1105454581?
5
What is the tens digit of 176475793?
9
What is the ten millions digit of 496078010?
9
What is the units digit of 103021225?
5
What is the tens digit of 1420915235?
3
What is the ten millions digit of 42784864?
4
What is the hundreds digit of 99377859?
8
What is the hundred thousands digit of 58764144?
7
What is the units digit of 519590455?
5
What is the millions digit of 580019199?
0
What is the hundred thousands digit of 4723487042?
4
What is the tens digit of 2029720305?
0
What is the ten thousands digit of 1850009288?
0
What is the hundreds digit of 174528753?
7
What is the ten thousands digit of 1486852127?
5
What is the ten millions digit of 295520511?
9
What is the thousands digit of 1174333970?
3
What is the ten millions digit of 175680352?
7
What is the hundred millions digit of 1540745276?
5
What is the hundred thousands digit of 296363497?
3
What is the hundred thousands digit of 59879564?
8
What is the thousands digit of 45510477?
0
What is the tens digit of 51265186?
8
What is the units digit of 313427188?
8
What is the tens digit of 1896771189?
8
What is the thousands digit of 1348943111?
3
What is the hundred thousands digit of 882332986?
3
What is the hundreds digit of 1077579066?
0
What is the hundred thousands digit of 538495?
5
What is the ten millions digit of 72139519?
7
What is the thousands digit of 444071361?
1
What is the billions digit of 3497716920?
3
What is the thousands digit of 58083974?
3
What is the thousands digit of 1769774229?
4
What is the hundreds digit of 1277246474?
4
What is the tens digit of 93848124?
2
What is the millions digit of 2310815023?
0
What is the millions digit of 113716234?
3
What is the thousands digit of 446684384?
4
What is the hundreds digit of 750848310?
3
What is the ten millions digit of 1192083982?
9
What is the ten thousands digit of 109073435?
7
What is the hundred thousands digit of 439972989?
9
What is the hundred thousands digit of 31506595?
5
What is the hundreds digit of 48826421?
4
What is the tens digit of 32347219?
1
What is the hundred thousands digit of 230673921?
6
What is the hundred millions digit of 117666156?
1
What is the units digit of 107327574?
4
What is the hundred millions digit of 253750948?
2
What is the units digit of 5760979?
9
What is the units digit of 6945694?
4
What is the ten millions digit of 24480723?
2
What is the hundreds digit of 21683174?
1
What is the millions digit of 279696347?
9
What is the hundreds digit of 536169762?
7
What is the units digit of 3220280118?
8
What is the thousands digit of 282899533?
9
What is the hundreds digit of 1796240183?
1
What is the ten millions digit of 382353535?
8
What is the millions digit of 3115913113?
5
What is the hundred millions digit of 1365447057?
3
What is the units digit of 1458535187?
7
What is the ten millions digit of 650968320?
5
What is the units digit of 46562692?
2
What is the hundreds digit of 72200126?
1
What is the tens digit of 31417225?
2
What is the ten thousands digit of 2125355191?
5
What is the hundred millions digit of 4473511481?
4
What is the ten thousands digit of 4359691699?
9
What is the ten thousands digit of 108180410?
8
What is the ten thousands digit